{"id":64,"date":"2019-07-11T10:55:35","date_gmt":"2019-07-11T07:55:35","guid":{"rendered":"http:\/\/www.makyaj.mobi\/?page_id=64"},"modified":"2021-12-16T11:33:01","modified_gmt":"2021-12-16T08:33:01","slug":"iletisim","status":"publish","type":"page","link":"http:\/\/www.makyaj.mobi\/index.php\/iletisim\/","title":{"rendered":"\u0130leti\u015fim"},"content":{"rendered":"\n<h4 class=\"wp-block-heading\">Profesyonel Makyaj Teknikleri &amp; Profesyonel Maky\u00f6z By Make-Up Pro<\/h4>\n\n\n<h2>Makyaj Kursu PRO &amp; Profesyonel Makyaj E\u011fitimi By Make-Up PRO<\/h2>\n\n\n<div class=\"wp-block-image\"><figure class=\"aligncenter\"><a href=\"http:\/\/sackaynak.com.tr\/wp-content\/uploads\/2014\/11\/sach.jpg\"><img decoding=\"async\" src=\"http:\/\/sackaynak.com.tr\/wp-content\/uploads\/2014\/11\/sach-300x200.jpg\" alt=\"sach\" class=\"wp-image-11005\"\/><\/a><\/figure><\/div>\n\n\n\n\n\n<p><strong>MAKE-UP PRO ACADEMY &amp; SACH &amp; VOGUE HAIR FACTORY &amp; HEAD OFFICE<\/strong><\/p>\n\n\n\n<p> Adres: <strong>\u015eenlikk\u00f6y Mah. \u00dcniversite Sok. No: 5, Florya, 34153 , \u0130stanbul , T\u00fcrkiye<\/strong> <\/p>\n\n\n\n<p><strong>TELEFON &amp; WhatsApp: +90 532 592 88 42 &nbsp; &nbsp;<\/strong><\/p>\n\n\n\n<p><strong>Phone &amp; WhatsApp +90 532 301 86 90<\/strong><\/p>\n","protected":false},"excerpt":{"rendered":"<p>Profesyonel Makyaj Teknikleri &amp; Profesyonel Maky\u00f6z By Make-Up Pro Makyaj Kursu PRO &amp; Profesyonel Makyaj E\u011fitimi By Make-Up PRO MAKE-UP PRO ACADEMY &amp; SACH &amp; VOGUE HAIR FACTORY &amp; HEAD OFFICE Adres: \u015eenlikk\u00f6y Mah. \u00dcniversite Sok. No: 5, Florya, 34153 , \u0130stanbul , T\u00fcrkiye TELEFON &amp; WhatsApp: +90 532 592 88 42 &nbsp; &nbsp; Phone &hellip;<\/p>\n","protected":false},"author":1,"featured_media":0,"parent":0,"menu_order":0,"comment_status":"closed","ping_status":"closed","template":"","meta":{"footnotes":""},"tags":[],"class_list":["post-64","page","type-page","status-publish",""],"aioseo_notices":[],"_links":{"self":[{"href":"http:\/\/www.makyaj.mobi\/index.php\/wp-json\/wp\/v2\/pages\/64","targetHints":{"allow":["GET"]}}],"collection":[{"href":"http:\/\/www.makyaj.mobi\/index.php\/wp-json\/wp\/v2\/pages"}],"about":[{"href":"http:\/\/www.makyaj.mobi\/index.php\/wp-json\/wp\/v2\/types\/page"}],"author":[{"embeddable":true,"href":"http:\/\/www.makyaj.mobi\/index.php\/wp-json\/wp\/v2\/users\/1"}],"replies":[{"embeddable":true,"href":"http:\/\/www.makyaj.mobi\/index.php\/wp-json\/wp\/v2\/comments?post=64"}],"version-history":[{"count":6,"href":"http:\/\/www.makyaj.mobi\/index.php\/wp-json\/wp\/v2\/pages\/64\/revisions"}],"predecessor-version":[{"id":134,"href":"http:\/\/www.makyaj.mobi\/index.php\/wp-json\/wp\/v2\/pages\/64\/revisions\/134"}],"wp:attachment":[{"href":"http:\/\/www.makyaj.mobi\/index.php\/wp-json\/wp\/v2\/media?parent=64"}],"wp:term":[{"taxonomy":"post_tag","embeddable":true,"href":"http:\/\/www.makyaj.mobi\/index.php\/wp-json\/wp\/v2\/tags?post=64"}],"curies":[{"name":"wp","href":"https:\/\/api.w.org\/{rel}","templated":true}]}}