{"id":153,"date":"2022-05-06T12:58:47","date_gmt":"2022-05-06T09:58:47","guid":{"rendered":"http:\/\/www.makyaj.mobi\/?page_id=153"},"modified":"2022-05-06T13:00:42","modified_gmt":"2022-05-06T10:00:42","slug":"gelin-goz-makyaji","status":"publish","type":"page","link":"http:\/\/www.makyaj.mobi\/index.php\/gelin-goz-makyaji\/","title":{"rendered":"Gelin G\u00f6z Makyaj\u0131"},"content":{"rendered":"\n<div class=\"wp-block-image is-style-rounded\"><figure class=\"alignright size-medium\"><img loading=\"lazy\" decoding=\"async\" width=\"169\" height=\"300\" src=\"http:\/\/www.makyaj.mobi\/wp-content\/uploads\/2022\/05\/gelin-goz-makyaji-3-169x300.jpeg\" alt=\"Gelin G\u00f6z Makyaj\u0131\" class=\"wp-image-154\" srcset=\"http:\/\/www.makyaj.mobi\/wp-content\/uploads\/2022\/05\/gelin-goz-makyaji-3-169x300.jpeg 169w, http:\/\/www.makyaj.mobi\/wp-content\/uploads\/2022\/05\/gelin-goz-makyaji-3-576x1024.jpeg 576w, http:\/\/www.makyaj.mobi\/wp-content\/uploads\/2022\/05\/gelin-goz-makyaji-3-768x1365.jpeg 768w, http:\/\/www.makyaj.mobi\/wp-content\/uploads\/2022\/05\/gelin-goz-makyaji-3-864x1536.jpeg 864w, http:\/\/www.makyaj.mobi\/wp-content\/uploads\/2022\/05\/gelin-goz-makyaji-3.jpeg 900w\" sizes=\"auto, (max-width: 169px) 100vw, 169px\" \/><figcaption><strong>Gelin G\u00f6z Makyaj\u0131<\/strong><\/figcaption><\/figure><\/div>\n\n\n\n<p><a href=\"http:\/\/www.makyaj.mobi\/index.php\/gelin-makyaji-2022\/\">Bir \u00f6nceki yaz\u0131m\u0131zda <\/a><strong>Gelin G\u00f6z Makyaj\u0131<\/strong> kal\u0131c\u0131l\u0131\u011f\u0131n\u0131 artt\u0131rmak i\u00e7in kullan\u0131lan g\u00f6z bazlar\u0131ndan bahsetmi\u015ftik. \u015eimdi ise kullan\u0131lacak renk kombinleri , eyeliner , ka\u015f \u015fekillendirmesi , counturing i\u015flemi , all\u0131k ve ruj tonlamalar\u0131ndan hatta v\u00fccut makyaj\u0131ndan bahsedece\u011fiz.<\/p>\n\n\n\n<p>\u00d6ncelikle far kombinlemesi<\/p>\n\n\n\n<p>2022 y\u0131l\u0131nda da asl\u0131nda en risksiz olan toprak tonlar\u0131nda far renkleri yine trend. \u00d6zellikle g\u00f6z makyaj\u0131n\u0131n \u00f6n planda olaca\u011f\u0131 ama renk i\u00e7ermeyen tonlamalar gelinlerin yine tercihi. \u0130yi bir takma kirpik ve g\u00f6zde renk i\u00e7erimeyen kahvenin t\u00fcm tonlar\u0131n\u0131 kullanabilirsiniz. \u015eimdilerde yine bir \u00e7ok Makeup Artist in tercihi net grafiksel eyelinerlar yerine daha da\u011f\u0131t\u0131lm\u0131\u015f ve smokey bir havada kalem bile olabilir bu , bu tarz g\u00f6z\u00fc netle\u015ftirici makyaj malzemeleri kullan\u0131l\u0131yor . Ama g\u00f6z yap\u0131s\u0131nda d\u00fc\u015f\u00fckl\u00fck var ise veya sizin \u00f6zel tercihiniz ise tabiki olabilir . Sadece \u00e7ok uzun kuyruklar ve kal\u0131n eyeliner lar hari\u00e7. Tabiki makyaj bir tarz meselesi fakat g\u00fcncel trendlere de uygun hareket edersiniz de daha modern bir havay\u0131 yakabilirsiniz.<br>\u00c7ok sonradan bile d\u00fc\u011f\u00fcn foto\u011fraflar\u0131n\u0131za bakt\u0131\u011f\u0131n\u0131zda sade ve \u015f\u0131k bir g\u00f6r\u00fcn\u00fcm istiyorsan\u0131z bu s\u00f6ylediklerimi takip edebilirsiniz Kendi spesifik \u00f6zel be\u011fenilerinizi , zevkinizi davetlerde de\u011ferlendirebilirsiniz ama bu en \u00f6zel g\u00fcn riske at\u0131lamaz .<\/p>\n\n\n\n<p>Bir \u00e7ok h\u00fcsrana u\u011fram\u0131\u015f sohbetleri daha \u00f6nceden siz de belki i\u015fitmi\u015fsinizdir. Bunun i\u00e7in sadece bir kere ya\u015fayabilece\u011finiz bu tatl\u0131 g\u00fcn\u00fc en g\u00fczel ve sade \u015fekilde ge\u00e7irebilirsiniz.<\/p>\n\n\n\n<p>Peki yaz\u0131m\u0131za devam edelim.<\/p>\n\n\n\n<p>Takma kirpik Nas\u0131l olmal\u0131 , hangi model tercih edilmeli ve kesinlikle kullan\u0131lmal\u0131 m\u0131 ?<\/p>\n\n\n\n<p>Bir uzman olarak \u015funu s\u00f6ylemek gerekir ki ; Takma kirpik olmadan bir gece makyaj\u0131 ve ya gelin makyaj\u0131 d\u00fc\u015f\u00fcnemiyorum.<\/p>\n\n\n\n<p>Di\u011fer yaz\u0131m\u0131zda Ten makyaj\u0131na de\u011finece\u011fiz .<\/p>\n\n\n\n<figure class=\"wp-block-gallery aligncenter has-nested-images columns-default is-cropped wp-block-gallery-1 is-layout-flex wp-block-gallery-is-layout-flex\">\n<figure class=\"wp-block-image size-large\"><img loading=\"lazy\" decoding=\"async\" width=\"1024\" height=\"682\" data-id=\"157\" src=\"http:\/\/www.makyaj.mobi\/wp-content\/uploads\/2022\/05\/gelin-goz-makyaji-12-1024x682.jpeg\" alt=\"Gelin G\u00f6z Makyaj\u0131\" class=\"wp-image-157\" srcset=\"http:\/\/www.makyaj.mobi\/wp-content\/uploads\/2022\/05\/gelin-goz-makyaji-12-1024x682.jpeg 1024w, http:\/\/www.makyaj.mobi\/wp-content\/uploads\/2022\/05\/gelin-goz-makyaji-12-300x200.jpeg 300w, http:\/\/www.makyaj.mobi\/wp-content\/uploads\/2022\/05\/gelin-goz-makyaji-12-768x512.jpeg 768w, http:\/\/www.makyaj.mobi\/wp-content\/uploads\/2022\/05\/gelin-goz-makyaji-12-1536x1023.jpeg 1536w, http:\/\/www.makyaj.mobi\/wp-content\/uploads\/2022\/05\/gelin-goz-makyaji-12-310x205.jpeg 310w, http:\/\/www.makyaj.mobi\/wp-content\/uploads\/2022\/05\/gelin-goz-makyaji-12.jpeg 1600w\" sizes=\"auto, (max-width: 1024px) 100vw, 1024px\" \/><figcaption><strong>Gelin G\u00f6z Makyaj\u0131<\/strong><\/figcaption><\/figure>\n\n\n\n<figure class=\"wp-block-image size-large\"><img loading=\"lazy\" decoding=\"async\" width=\"576\" height=\"1024\" data-id=\"155\" src=\"http:\/\/www.makyaj.mobi\/wp-content\/uploads\/2022\/05\/gelin-goz-makyaji-5-576x1024.jpeg\" alt=\"G\u00f6z Makyaj\u0131\" class=\"wp-image-155\" srcset=\"http:\/\/www.makyaj.mobi\/wp-content\/uploads\/2022\/05\/gelin-goz-makyaji-5-576x1024.jpeg 576w, http:\/\/www.makyaj.mobi\/wp-content\/uploads\/2022\/05\/gelin-goz-makyaji-5-169x300.jpeg 169w, http:\/\/www.makyaj.mobi\/wp-content\/uploads\/2022\/05\/gelin-goz-makyaji-5-768x1365.jpeg 768w, http:\/\/www.makyaj.mobi\/wp-content\/uploads\/2022\/05\/gelin-goz-makyaji-5-864x1536.jpeg 864w, http:\/\/www.makyaj.mobi\/wp-content\/uploads\/2022\/05\/gelin-goz-makyaji-5.jpeg 900w\" sizes=\"auto, (max-width: 576px) 100vw, 576px\" \/><figcaption><strong>G\u00f6z Makyaj\u0131<\/strong><\/figcaption><\/figure>\n\n\n\n<figure class=\"wp-block-image size-large\"><img loading=\"lazy\" decoding=\"async\" width=\"576\" height=\"1024\" data-id=\"156\" src=\"http:\/\/www.makyaj.mobi\/wp-content\/uploads\/2022\/05\/gelin-goz-makyaji-9-576x1024.jpeg\" alt=\"G\u00f6z Makyaj\u0131\" class=\"wp-image-156\" srcset=\"http:\/\/www.makyaj.mobi\/wp-content\/uploads\/2022\/05\/gelin-goz-makyaji-9-576x1024.jpeg 576w, http:\/\/www.makyaj.mobi\/wp-content\/uploads\/2022\/05\/gelin-goz-makyaji-9-169x300.jpeg 169w, http:\/\/www.makyaj.mobi\/wp-content\/uploads\/2022\/05\/gelin-goz-makyaji-9-768x1365.jpeg 768w, http:\/\/www.makyaj.mobi\/wp-content\/uploads\/2022\/05\/gelin-goz-makyaji-9-864x1536.jpeg 864w, http:\/\/www.makyaj.mobi\/wp-content\/uploads\/2022\/05\/gelin-goz-makyaji-9.jpeg 1125w\" sizes=\"auto, (max-width: 576px) 100vw, 576px\" \/><figcaption><strong>G\u00f6z Makyaj\u0131<\/strong><\/figcaption><\/figure>\n<figcaption class=\"blocks-gallery-caption\"><strong>Gelin G\u00f6z Makyaj\u0131<\/strong><\/figcaption><\/figure>\n\n\n\n<p>Takipde kal\u0131n l\u00fctfen.<\/p>\n\n\n\n<p>\u0130nstagra\u0130nstagram: <a href=\"https:\/\/www.instagram.com\/makeupproacademy\/\" target=\"_blank\" rel=\"noreferrer noopener\">@makeupproacademy<\/a><br>\u0130nstagram: <a href=\"https:\/\/www.instagram.com\/fairlashes\/\" target=\"_blank\" rel=\"noreferrer noopener\">@fairlash<\/a><br>Whatsapp Dan\u0131\u015fma Hatt\u0131m\u0131z: +90 532 3018690<\/p>\n","protected":false},"excerpt":{"rendered":"<p>Gelin G\u00f6z Makyaj\u0131 Bir \u00f6nceki yaz\u0131m\u0131zda Gelin G\u00f6z Makyaj\u0131 kal\u0131c\u0131l\u0131\u011f\u0131n\u0131 artt\u0131rmak i\u00e7in kullan\u0131lan g\u00f6z bazlar\u0131ndan bahsetmi\u015ftik. \u015eimdi ise kullan\u0131lacak renk kombinleri , eyeliner , ka\u015f \u015fekillendirmesi , counturing i\u015flemi , all\u0131k ve ruj tonlamalar\u0131ndan hatta v\u00fccut makyaj\u0131ndan bahsedece\u011fiz. \u00d6ncelikle far kombinlemesi 2022 y\u0131l\u0131nda da asl\u0131nda en risksiz olan toprak tonlar\u0131nda far renkleri yine trend. \u00d6zellikle &hellip;<\/p>\n","protected":false},"author":1,"featured_media":0,"parent":0,"menu_order":0,"comment_status":"closed","ping_status":"closed","template":"","meta":{"footnotes":""},"tags":[],"class_list":["post-153","page","type-page","status-publish",""],"aioseo_notices":[],"_links":{"self":[{"href":"http:\/\/www.makyaj.mobi\/index.php\/wp-json\/wp\/v2\/pages\/153","targetHints":{"allow":["GET"]}}],"collection":[{"href":"http:\/\/www.makyaj.mobi\/index.php\/wp-json\/wp\/v2\/pages"}],"about":[{"href":"http:\/\/www.makyaj.mobi\/index.php\/wp-json\/wp\/v2\/types\/page"}],"author":[{"embeddable":true,"href":"http:\/\/www.makyaj.mobi\/index.php\/wp-json\/wp\/v2\/users\/1"}],"replies":[{"embeddable":true,"href":"http:\/\/www.makyaj.mobi\/index.php\/wp-json\/wp\/v2\/comments?post=153"}],"version-history":[{"count":2,"href":"http:\/\/www.makyaj.mobi\/index.php\/wp-json\/wp\/v2\/pages\/153\/revisions"}],"predecessor-version":[{"id":160,"href":"http:\/\/www.makyaj.mobi\/index.php\/wp-json\/wp\/v2\/pages\/153\/revisions\/160"}],"wp:attachment":[{"href":"http:\/\/www.makyaj.mobi\/index.php\/wp-json\/wp\/v2\/media?parent=153"}],"wp:term":[{"taxonomy":"post_tag","embeddable":true,"href":"http:\/\/www.makyaj.mobi\/index.php\/wp-json\/wp\/v2\/tags?post=153"}],"curies":[{"name":"wp","href":"https:\/\/api.w.org\/{rel}","templated":true}]}}